{"id":119,"date":"2015-05-06T12:06:19","date_gmt":"2015-05-06T12:06:19","guid":{"rendered":"https:\/\/biuro-profit.pl\/?page_id=119"},"modified":"2015-06-24T08:56:47","modified_gmt":"2015-06-24T08:56:47","slug":"plan-biznesowy","status":"publish","type":"page","link":"https:\/\/biuro-profit.pl\/?page_id=119","title":{"rendered":"Plan biznesowy"},"content":{"rendered":"<p>Opr\u00f3cz zagadnie\u0144 prawnych, z zakresu organizacji i zarz\u0105dzania przedsi\u0119biorstwem, technicznej i technologicznej realizacji przedsi\u0119wzi\u0119cia, szczeg\u00f3lnym obszarem opisywanym w ka\u017cdym opracowaniu jest plan marketingowy przedsi\u0119wzi\u0119cia:<\/p>\n<ul>\n<li>precyzuj\u0105cy koncepcj\u0119 dzia\u0142ania przedsi\u0119biorstwa wobec rynku,<\/li>\n<li>identyfikuj\u0105cy pozycj\u0119 na rynku, najbli\u017csz\u0105 konkurencj\u0119, dzia\u0142ania zmierzaj\u0105ce do uzyskania przewagi,<\/li>\n<li>planuj\u0105cy organizacj\u0119 sprzeda\u017cy i programy ustalania ceny,<\/li>\n<li>okre\u015blaj\u0105cy misj\u0119 i strategi\u0119 rozwoju przedsi\u0119biorstwa, programy zwi\u0105zane z produktem, promocj\u0119 produktu,<\/li>\n<\/ul>\n<p>Analiza finansowa przedsi\u0119wzi\u0119cia szczeg\u00f3\u0142owo opisuje:<\/p>\n<ul>\n<li>dotychczasowe ekonomiczne funkcjonowanie przedsi\u0119biorstwa,<\/li>\n<li>modeluje od strony ekonomicznej funkcjonowanie przedsi\u0119wzi\u0119cia w przysz\u0142o\u015bci,<\/li>\n<li>zapotrzebowanie na kapita\u0142 obrotowy,<\/li>\n<li>finansowanie przedsi\u0119wzi\u0119cia (zapotrzebowanie na \u015brodki i \u017ar\u00f3d\u0142a finansowania).<\/li>\n<\/ul>\n<p>Istotn\u0105 jej cz\u0119\u015bci\u0105 jest analiza efektywno\u015bci inwestycji wykonywana w oparciu o badanie zmian strumieni pieni\u0119\u017cnych w przysz\u0142o\u015bci. Pozwala ona na obliczenie charakterystycznych dla metody UNIDO wska\u017anik\u00f3w ekonomicznych:<\/p>\n<ul>\n<li>NET CASH FLOW (NCF), czyli przep\u0142ywy pieni\u0119\u017cne netto,<\/li>\n<li>PRESENT VALUE (PV) \u2013 warto\u015b\u0107 zaktualizowan\u0105 przep\u0142yw\u00f3w pieni\u0119\u017cnych,<\/li>\n<li>NET PRESENT VALUE (NPV) warto\u015b\u0107 zaktualizowan\u0105 netto, czyli zaktualizowan\u0105 warto\u015b\u0107 przep\u0142yw\u00f3w pieni\u0119\u017cnych odniesion\u0105 do warto\u015bci kapita\u0142u wymaganego do zainwestowania,<\/li>\n<li>NET PRESENT VALUE RATIO (NPVR) zdyskontowan\u0105 stop\u0119 zysku,<\/li>\n<li>Wewn\u0119trzn\u0105 stop\u0119 zwrotu (IRR),<\/li>\n<li>Okres zwrotu poniesionych nak\u0142ad\u00f3w.<\/li>\n<\/ul>\n<p>Zastosowane metody dyskontowe pozwalaj\u0105 oceni\u0107 przedsi\u0119wzi\u0119cie inwestycyjne wed\u0142ug stanu rzeczy istniej\u0105cego w dniu podejmowania decyzji o zaanga\u017cowaniu w realizacj\u0119 projektu. Dla uzyskania pe\u0142niejszego obrazu zmian funkcjonowania analizowanego przedsi\u0119wzi\u0119cia w czasie, a tak\u017ce zmian osi\u0105ganych wynik\u00f3w finansowych b\u0119d\u0105cych skutkiem zjawisk zachodz\u0105cych w otoczeniu przedsi\u0119wzi\u0119cia, wykonywane s\u0105 ka\u017cdorazowo analizy w warunkach niepewno\u015bci. Badaniu podlegaj\u0105 progi rentowno\u015bci wielko\u015bci produkcji, wykorzystania mocy produkcyjnych, jednostkowej ceny produktu.Strategia rozwoju przedsi\u0119biorstwa.<br \/>\nUs\u0142ugi doradcze oferowane przez PROFIT \u00a0w zakresie planowania strategicznego przedsi\u0119biorstw polegaj\u0105 na udzieleniu praktycznego wsparcia w procesie przygotowania i wdra\u017cania strategii rozwojowej \u2014 maj\u0105 przyczyni\u0107 si\u0119 i u\u0142atwi\u0107 ten proces na poziomie firmy. Strategiczna metoda planowania oferuje bardziej sp\u00f3jne i logiczne podej\u015bcie do rozwoju przedsi\u0119biorstwa.<br \/>\nKoniecznymi elementami strategii jest ustalenie hierarchicznego uk\u0142adu cel\u00f3w rozwoju oraz wyb\u00f3r projekt\u00f3w realizacyjnych zada\u0144 strategicznych dla firmy, decyzje potwierdzaj\u0105ce ten wyb\u00f3r i okre\u015blenie odpowiedzialno\u015bci\u2014 zar\u00f3wno za ich podj\u0119cie jak i realizacj\u0119.<\/p>\n<p>PROFIT realizuj\u0105c projekt opracowania strategii rozwoju przedsi\u0119biorstwa zapewnia:<\/p>\n<ul>\n<li>grono ekspert\u00f3w gotowych do przeprowadzenia prac nad budow\u0105 strategii,<\/li>\n<li>przygotowanie i przeprowadzenie warsztat\u00f3w strategicznych dla przedsi\u0119biorstwa,<\/li>\n<li>merytoryczn\u0105 i techniczn\u0105 koordynacj\u0119 prac nad strategi\u0105 dla firmy,<\/li>\n<li>opracowanie dokumentu ko\u0144cowego strategii,<\/li>\n<\/ul>\n","protected":false},"excerpt":{"rendered":"<p>Opr\u00f3cz zagadnie\u0144 prawnych, z zakresu organizacji i zarz\u0105dzania przedsi\u0119biorstwem, technicznej i technologicznej realizacji przedsi\u0119wzi\u0119cia, szczeg\u00f3lnym obszarem opisywanym w ka\u017cdym opracowaniu jest plan marketingowy przedsi\u0119wzi\u0119cia: precyzuj\u0105cy koncepcj\u0119 dzia\u0142ania przedsi\u0119biorstwa wobec rynku, identyfikuj\u0105cy pozycj\u0119 na rynku, najbli\u017csz\u0105 konkurencj\u0119, dzia\u0142ania zmierzaj\u0105ce do uzyskania przewagi, planuj\u0105cy organizacj\u0119 sprzeda\u017cy i programy ustalania ceny, okre\u015blaj\u0105cy misj\u0119 i strategi\u0119 rozwoju przedsi\u0119biorstwa, programy [&hellip;]<\/p>\n","protected":false},"author":1,"featured_media":0,"parent":39,"menu_order":0,"comment_status":"closed","ping_status":"closed","template":"","meta":{"footnotes":""},"class_list":["post-119","page","type-page","status-publish","hentry"],"_links":{"self":[{"href":"https:\/\/biuro-profit.pl\/index.php?rest_route=\/wp\/v2\/pages\/119","targetHints":{"allow":["GET"]}}],"collection":[{"href":"https:\/\/biuro-profit.pl\/index.php?rest_route=\/wp\/v2\/pages"}],"about":[{"href":"https:\/\/biuro-profit.pl\/index.php?rest_route=\/wp\/v2\/types\/page"}],"author":[{"embeddable":true,"href":"https:\/\/biuro-profit.pl\/index.php?rest_route=\/wp\/v2\/users\/1"}],"replies":[{"embeddable":true,"href":"https:\/\/biuro-profit.pl\/index.php?rest_route=%2Fwp%2Fv2%2Fcomments&post=119"}],"version-history":[{"count":4,"href":"https:\/\/biuro-profit.pl\/index.php?rest_route=\/wp\/v2\/pages\/119\/revisions"}],"predecessor-version":[{"id":212,"href":"https:\/\/biuro-profit.pl\/index.php?rest_route=\/wp\/v2\/pages\/119\/revisions\/212"}],"up":[{"embeddable":true,"href":"https:\/\/biuro-profit.pl\/index.php?rest_route=\/wp\/v2\/pages\/39"}],"wp:attachment":[{"href":"https:\/\/biuro-profit.pl\/index.php?rest_route=%2Fwp%2Fv2%2Fmedia&parent=119"}],"curies":[{"name":"wp","href":"https:\/\/api.w.org\/{rel}","templated":true}]}}