{"id":123,"date":"2015-05-06T12:09:08","date_gmt":"2015-05-06T12:09:08","guid":{"rendered":"https:\/\/biuro-profit.pl\/?page_id=123"},"modified":"2015-07-27T13:33:31","modified_gmt":"2015-07-27T13:33:31","slug":"wycena-wartosci-firmyprojektu","status":"publish","type":"page","link":"https:\/\/biuro-profit.pl\/?page_id=123","title":{"rendered":"Wycena warto\u015bci firmy\/projektu"},"content":{"rendered":"<p style=\"text-align: justify;\">Wyceny warto\u015bci przedsi\u0119biorstw\/ projekt\u00f3w dla cel\u00f3w analitycznych i prywatyzacyjnych (oraz weryfikacje gotowych wycen) wykonywane s\u0105 zgodnie z wymaganiami okre\u015blonymi w stosownym Rozporz\u0105dzeniu Rady Ministr\u00f3w (w sprawie sposobu przeprowadzania analiz prawnych i ekonomiczno \u2013 finansowych przedsi\u0119biorstwa sp\u00f3\u0142ki, ich finansowania oraz kwalifikacji wymaganych od os\u00f3b dokonuj\u0105cych analiz), szczeg\u00f3lnie w zakresie u\u017cytych metod wyceny zak\u0142adaj\u0105cych podej\u015bcie dochodowe oraz maj\u0105tkowe. Wyniki uzyskane zastosowanymi metodami s\u0105 por\u00f3wnywane. Rezultatem wyceny jest okre\u015blenie przedzia\u0142u warto\u015bci przedsi\u0119biorstwa oraz obszaru do negocjacji ceny przy planowanej transakcji.<br \/>\nCz\u0119sto stosowan\u0105 metod\u0105 wyceny jest metoda wg zdyskontowanych przysz\u0142ych strumieni przep\u0142yw\u00f3w pieni\u0119\u017cnych (zaliczana do metod dochodowych). Procedura tej metody wyceny obejmuje:<\/p>\n<ul style=\"text-align: justify;\">\n<li>opracowanie strategii rozwoju przedsi\u0119biorstwa (biznes plan zawieraj\u0105cy dok\u0142adnie uzasadnion\u0105 projekcj\u0119 funkcjonowania przedsi\u0119biorstwa w przysz\u0142o\u015bci uwzgl\u0119dniaj\u0105c\u0105 techniczne, organizacyjne, rynkowe i finansowe warunki dzia\u0142ania w wariantach: najbardziej prawdopodobnym, optymistycznym i pesymistycznym),<\/li>\n<li>obliczenie strumieni przep\u0142yw\u00f3w pieni\u0119\u017cnych na co najmniej pi\u0119\u0107 lat w przysz\u0142o\u015bci (po wykonaniu prognozy amortyzacji, prognozy przychod\u00f3w i koszt\u00f3w, prognozy zapotrzebowania na kapita\u0142 obrotowy, po przyj\u0119ciu zweryfikowanego planu inwestycji \u2013 okre\u015bleniu nak\u0142ad\u00f3w inwestycyjnych i \u017ar\u00f3de\u0142 ich finansowania),<\/li>\n<li>okre\u015blenie wysoko\u015bci stopy dyskontowej (czyli kosztu kapita\u0142u), przy zastosowaniu kt\u00f3rej dyskontowane s\u0105 strumienie przep\u0142yw\u00f3w pieni\u0119\u017cnych netto.<\/li>\n<\/ul>\n<p style=\"text-align: justify;\">Inn\u0105 metod\u0105 wyceny (kt\u00f3ra jest zwykle stosowana) jest metoda wyceny wg skorygowanej warto\u015bci aktyw\u00f3w netto bazuj\u0105ca na ksi\u0119gowych zapisach warto\u015bci wszystkich \u015brodk\u00f3w trwa\u0142ych i obrotowych b\u0119d\u0105cych w\u0142asno\u015bci\u0105 przedsi\u0119biorstwa oraz zobowi\u0105za\u0144. Metoda ta zalicza si\u0119 do grupy metod zak\u0142adaj\u0105cych podej\u015bcie maj\u0105tkowe. Przygotowany dla potrzeb wyceny plan biznesowy przedsi\u0119biorstwa bierze pod uwag\u0119 istot\u0119 tej metody wyceny, bowiem jest ona okre\u015blona przez za\u0142o\u017cenie, \u017ce zorganizowany maj\u0105tek produkcyjny trwa\u0142y i obrotowy, kadry, organizacja produkcji i zarz\u0105dzanie przedsi\u0119biorstwem utworzono dla osi\u0105gni\u0119cia korzy\u015bci materialnych w przysz\u0142o\u015bci. Efekty funkcjonowania przedsi\u0119biorstwa przejmie nabywca (przejmuj\u0105cy maj\u0105tek). Sprzedaj\u0105cy zabiega\u0107 b\u0119dzie o uzyskanie poprzez cen\u0119 rekompensaty za utracone dochody. Zasadnicze znaczenie dla trafno\u015bci wynik\u00f3w wyceny przy zastosowaniu tej metody ma:<\/p>\n<ul>\n<li style=\"text-align: justify;\">opracowanie wiarygodnych prognoz w trzech podstawowych wariantach,<\/li>\n<li style=\"text-align: justify;\">ocena i weryfikacja plan\u00f3w inwestycyjnych i \u017ar\u00f3de\u0142 ich finansowania,<\/li>\n<li style=\"text-align: justify;\">zastosowanie merytorycznie poprawnego toku wszystkich oblicze\u0144, poprawnych projekcji rachunk\u00f3w przep\u0142yw\u00f3w pieni\u0119\u017cnych.<\/li>\n<\/ul>\n","protected":false},"excerpt":{"rendered":"<p>Wyceny warto\u015bci przedsi\u0119biorstw\/ projekt\u00f3w dla cel\u00f3w analitycznych i prywatyzacyjnych (oraz weryfikacje gotowych wycen) wykonywane s\u0105 zgodnie z wymaganiami okre\u015blonymi w stosownym Rozporz\u0105dzeniu Rady Ministr\u00f3w (w sprawie sposobu przeprowadzania analiz prawnych i ekonomiczno \u2013 finansowych przedsi\u0119biorstwa sp\u00f3\u0142ki, ich finansowania oraz kwalifikacji wymaganych od os\u00f3b dokonuj\u0105cych analiz), szczeg\u00f3lnie w zakresie u\u017cytych metod wyceny zak\u0142adaj\u0105cych podej\u015bcie dochodowe oraz [&hellip;]<\/p>\n","protected":false},"author":1,"featured_media":0,"parent":39,"menu_order":0,"comment_status":"closed","ping_status":"closed","template":"","meta":{"footnotes":""},"class_list":["post-123","page","type-page","status-publish","hentry"],"_links":{"self":[{"href":"https:\/\/biuro-profit.pl\/index.php?rest_route=\/wp\/v2\/pages\/123","targetHints":{"allow":["GET"]}}],"collection":[{"href":"https:\/\/biuro-profit.pl\/index.php?rest_route=\/wp\/v2\/pages"}],"about":[{"href":"https:\/\/biuro-profit.pl\/index.php?rest_route=\/wp\/v2\/types\/page"}],"author":[{"embeddable":true,"href":"https:\/\/biuro-profit.pl\/index.php?rest_route=\/wp\/v2\/users\/1"}],"replies":[{"embeddable":true,"href":"https:\/\/biuro-profit.pl\/index.php?rest_route=%2Fwp%2Fv2%2Fcomments&post=123"}],"version-history":[{"count":3,"href":"https:\/\/biuro-profit.pl\/index.php?rest_route=\/wp\/v2\/pages\/123\/revisions"}],"predecessor-version":[{"id":231,"href":"https:\/\/biuro-profit.pl\/index.php?rest_route=\/wp\/v2\/pages\/123\/revisions\/231"}],"up":[{"embeddable":true,"href":"https:\/\/biuro-profit.pl\/index.php?rest_route=\/wp\/v2\/pages\/39"}],"wp:attachment":[{"href":"https:\/\/biuro-profit.pl\/index.php?rest_route=%2Fwp%2Fv2%2Fmedia&parent=123"}],"curies":[{"name":"wp","href":"https:\/\/api.w.org\/{rel}","templated":true}]}}