{"id":133,"date":"2017-12-06T13:36:53","date_gmt":"2017-12-06T13:36:53","guid":{"rendered":"https:\/\/biuro-profit.pl\/?page_id=133"},"modified":"2017-12-22T11:52:39","modified_gmt":"2017-12-22T11:52:39","slug":"pkpir","status":"publish","type":"page","link":"https:\/\/biuro-profit.pl\/?page_id=133","title":{"rendered":"PKPiR"},"content":{"rendered":"<h2>PKPiR czyli Podatkowa Ksi\u0119ga Przychod\u00f3w i Rozchod\u00f3w<\/h2>\n<p>Oferta Biura Rachunkowego PROFIT Grodzisk Wlkp. w zakresie obs\u0142ugi przedsi\u0119biorc\u00f3w zobowi\u0105zanych do prowadzenia PKPiR jest kompleksowa<\/p>\n<p>&nbsp;<\/p>\n<p>w zakres obs\u0142ugi w ramach sta\u0142ej umowy wsp\u00f3\u0142pracy wchodz\u0105:<\/p>\n<ul>\n<li>prowadzenie KPiR zgodnie z rozporz\u0105dzeniem na podstawie dowod\u00f3w ksi\u0119gowych dostarczanych przez klienta,<\/li>\n<li>prowadzenie ewidencji \u015brodk\u00f3w trwa\u0142ych oraz warto\u015bci niematerialnych i prawnych,<\/li>\n<li>prowadzenie ewidencji wyposa\u017cenia,<\/li>\n<li>obliczanie zaliczek na podatek dochodowy od os\u00f3b fizycznych prowadz\u0105cych dzia\u0142alno\u015b\u0107 gospodarcz\u0105,<\/li>\n<li>prowadzenie niezb\u0119dnych ewidencji dla podatku od towar\u00f3w i us\u0142ug (VAT) oraz sporz\u0105dzanie deklaracji VAT,<\/li>\n<li>dokonywanie zg\u0142osze\u0144 i rozlicze\u0144 z tytu\u0142u ubezpiecze\u0144 spo\u0142ecznych z ZUS os\u00f3b prowadz\u0105cych dzia\u0142alno\u015b\u0107,<\/li>\n<li>zamkni\u0119cie ksi\u0119gi na koniec roku podatkowego,<\/li>\n<li>sporz\u0105dzenie zeznania rocznego za osob\u0119 prowadz\u0105c\u0105 dzia\u0142alno\u015b\u0107 gospodarcz\u0105,<\/li>\n<li>rozliczanie transakcji mi\u0119dzynarodowych, w tym wwn\u0105trzwsp\u00f3lnotowych naby\u0107 i dostaw,<\/li>\n<li>rozliczanie operacji na bankowych rachunkach walutowych,<\/li>\n<li>dokumenty finansowe do bank\u00f3w lub innych instytucji,<\/li>\n<li>sporz\u0105dzanie sprawozda\u0144 GUS,<\/li>\n<li>dokonywanie zg\u0142osze\u0144 INTRASTAT,<\/li>\n<li>za\u015bwiadczenia z US lub ZUS o niezaleganiu w op\u0142atach,<\/li>\n<\/ul>\n<p><a href=\"https:\/\/biuro-profit.pl\/wp-content\/uploads\/2017\/12\/biuro-rachunkowe-ludzik1.jpg\"><img loading=\"lazy\" decoding=\"async\" class=\"wp-image-325 size-medium alignright\" title=\"Podatkowa Ksi\u0105\u017cka Przychod\u00f3w i Rozchod\u00f3w\" src=\"https:\/\/biuro-profit.pl\/wp-content\/uploads\/2017\/12\/biuro-rachunkowe-ludzik1-300x240.jpg\" alt=\"\" width=\"300\" height=\"240\" srcset=\"https:\/\/biuro-profit.pl\/wp-content\/uploads\/2017\/12\/biuro-rachunkowe-ludzik1-300x240.jpg 300w, https:\/\/biuro-profit.pl\/wp-content\/uploads\/2017\/12\/biuro-rachunkowe-ludzik1.jpg 480w\" sizes=\"auto, (max-width: 300px) 100vw, 300px\" \/><\/a><\/p>\n","protected":false},"excerpt":{"rendered":"<p>PKPiR czyli Podatkowa Ksi\u0119ga Przychod\u00f3w i Rozchod\u00f3w Oferta Biura Rachunkowego PROFIT Grodzisk Wlkp. w zakresie obs\u0142ugi przedsi\u0119biorc\u00f3w zobowi\u0105zanych do prowadzenia PKPiR jest kompleksowa &nbsp; w zakres obs\u0142ugi w ramach sta\u0142ej umowy wsp\u00f3\u0142pracy wchodz\u0105: prowadzenie KPiR zgodnie z rozporz\u0105dzeniem na podstawie dowod\u00f3w ksi\u0119gowych dostarczanych przez klienta, prowadzenie ewidencji \u015brodk\u00f3w trwa\u0142ych oraz warto\u015bci niematerialnych i prawnych, prowadzenie [&hellip;]<\/p>\n","protected":false},"author":1,"featured_media":0,"parent":36,"menu_order":0,"comment_status":"closed","ping_status":"closed","template":"","meta":{"footnotes":""},"class_list":["post-133","page","type-page","status-publish","hentry"],"_links":{"self":[{"href":"https:\/\/biuro-profit.pl\/index.php?rest_route=\/wp\/v2\/pages\/133","targetHints":{"allow":["GET"]}}],"collection":[{"href":"https:\/\/biuro-profit.pl\/index.php?rest_route=\/wp\/v2\/pages"}],"about":[{"href":"https:\/\/biuro-profit.pl\/index.php?rest_route=\/wp\/v2\/types\/page"}],"author":[{"embeddable":true,"href":"https:\/\/biuro-profit.pl\/index.php?rest_route=\/wp\/v2\/users\/1"}],"replies":[{"embeddable":true,"href":"https:\/\/biuro-profit.pl\/index.php?rest_route=%2Fwp%2Fv2%2Fcomments&post=133"}],"version-history":[{"count":12,"href":"https:\/\/biuro-profit.pl\/index.php?rest_route=\/wp\/v2\/pages\/133\/revisions"}],"predecessor-version":[{"id":330,"href":"https:\/\/biuro-profit.pl\/index.php?rest_route=\/wp\/v2\/pages\/133\/revisions\/330"}],"up":[{"embeddable":true,"href":"https:\/\/biuro-profit.pl\/index.php?rest_route=\/wp\/v2\/pages\/36"}],"wp:attachment":[{"href":"https:\/\/biuro-profit.pl\/index.php?rest_route=%2Fwp%2Fv2%2Fmedia&parent=133"}],"curies":[{"name":"wp","href":"https:\/\/api.w.org\/{rel}","templated":true}]}}