{"id":135,"date":"2015-05-06T13:37:33","date_gmt":"2015-05-06T13:37:33","guid":{"rendered":"https:\/\/biuro-profit.pl\/?page_id=135"},"modified":"2015-05-06T13:48:34","modified_gmt":"2015-05-06T13:48:34","slug":"ksiegi-handlowe","status":"publish","type":"page","link":"https:\/\/biuro-profit.pl\/?page_id=135","title":{"rendered":"Ksi\u0119gi handlowe"},"content":{"rendered":"<p>Ustawa o rachunkowo\u015bci nak\u0142ada wiele obowi\u0105zk\u00f3w i ogranicze\u0144 na podmiot zobowi\u0105zany do prowadzenia ksi\u0105g handlowych. Sp\u00f3\u0142ka taka musi stworzy\u0107 zak\u0142adowy plan kont i ma obowi\u0105zek dok\u0142adnego ewidencjonowania wszystkich operacji gospodarczych, nale\u017cno\u015bci i zobowi\u0105za\u0144 oraz prowadzenia szczeg\u00f3\u0142owych ewidencji dotycz\u0105cych wszystkich obszar\u00f3w dzia\u0142alno\u015bci firmy. W zwi\u0105zku z tym, prowadzenie ksi\u0105g handlowych jest procesem skomplikowanym i czasoch\u0142onnym.<\/p>\n<p>Prawid\u0142owo prowadzone ksi\u0119gi daj\u0105 jednak pe\u0142ny obraz stanu finansowego firmy, a tak\u017ce umo\u017cliwiaj\u0105 bie\u017c\u0105ce monitorowanie stan\u00f3w zapas\u00f3w, nale\u017cno\u015bci, zobowi\u0105za\u0144 oraz wzajemnych stosunk\u00f3w tych wielko\u015bci. Ksi\u0119gi handlowe daj\u0105 tak\u017ce mo\u017cliwo\u015b\u0107 stworzenia zak\u0142adowego planu kont, dostosowanego do specyfiki prowadzonej dzia\u0142alno\u015bci oraz pozwalaj\u0105 na analiz\u0119 kontakt\u00f3w z poszczeg\u00f3lnymi kontrahentami i partnerami.<br \/>\nZlecenie prowadzenia ksi\u0119gowo\u015bci zewn\u0119trznej firmie pomaga przedsi\u0119biorcom zaoszcz\u0119dzi\u0107 czas, dzi\u0119ki czemu mog\u0105 po\u015bwi\u0119ci\u0107 si\u0119 w ca\u0142o\u015bci rozwijaniu dzia\u0142alno\u015bci gospodarczej.<\/p>\n<p>Profesjonalnie prowadzona ksi\u0119gowo\u015b\u0107 w znacz\u0105cy spos\u00f3b wp\u0142ywa na sprawne funkcjonowanie firmy.<\/p>\n<p>Zgodnie z przepisami ustawy o rachunkowo\u015bci, ka\u017cdy przedsi\u0119biorca zobowi\u0105zany jest ewidencjonowa\u0107 maj\u0105tek firmy. W ramach us\u0142ugi z zakresu ksi\u0119gowo\u015bci podejmujemy si\u0119 tak\u017ce ewidencji \u015brodk\u00f3w trwa\u0142ych i wyposa\u017cenia firm z Poznania i okolic.<\/p>\n<p>W ramach naszej oferty sporz\u0105dzamy:<\/p>\n<ul>\n<li>ewidencje \u015brodk\u00f3w trwa\u0142ych,<\/li>\n<li>ewidencje wyposa\u017cenia,<\/li>\n<li>ewidencje VAT,<\/li>\n<li>miesi\u0119czne zestawienia obrot\u00f3w i sald,<\/li>\n<li>sprawdzamy dokumenty \u017ar\u00f3d\u0142owe pod k\u0105tem wymaga\u0144 ustawy o rachunkowo\u015bci.<\/li>\n<\/ul>\n","protected":false},"excerpt":{"rendered":"<p>Ustawa o rachunkowo\u015bci nak\u0142ada wiele obowi\u0105zk\u00f3w i ogranicze\u0144 na podmiot zobowi\u0105zany do prowadzenia ksi\u0105g handlowych. Sp\u00f3\u0142ka taka musi stworzy\u0107 zak\u0142adowy plan kont i ma obowi\u0105zek dok\u0142adnego ewidencjonowania wszystkich operacji gospodarczych, nale\u017cno\u015bci i zobowi\u0105za\u0144 oraz prowadzenia szczeg\u00f3\u0142owych ewidencji dotycz\u0105cych wszystkich obszar\u00f3w dzia\u0142alno\u015bci firmy. W zwi\u0105zku z tym, prowadzenie ksi\u0105g handlowych jest procesem skomplikowanym i czasoch\u0142onnym. Prawid\u0142owo [&hellip;]<\/p>\n","protected":false},"author":1,"featured_media":0,"parent":36,"menu_order":1,"comment_status":"closed","ping_status":"closed","template":"","meta":{"footnotes":""},"class_list":["post-135","page","type-page","status-publish","hentry"],"_links":{"self":[{"href":"https:\/\/biuro-profit.pl\/index.php?rest_route=\/wp\/v2\/pages\/135","targetHints":{"allow":["GET"]}}],"collection":[{"href":"https:\/\/biuro-profit.pl\/index.php?rest_route=\/wp\/v2\/pages"}],"about":[{"href":"https:\/\/biuro-profit.pl\/index.php?rest_route=\/wp\/v2\/types\/page"}],"author":[{"embeddable":true,"href":"https:\/\/biuro-profit.pl\/index.php?rest_route=\/wp\/v2\/users\/1"}],"replies":[{"embeddable":true,"href":"https:\/\/biuro-profit.pl\/index.php?rest_route=%2Fwp%2Fv2%2Fcomments&post=135"}],"version-history":[{"count":2,"href":"https:\/\/biuro-profit.pl\/index.php?rest_route=\/wp\/v2\/pages\/135\/revisions"}],"predecessor-version":[{"id":149,"href":"https:\/\/biuro-profit.pl\/index.php?rest_route=\/wp\/v2\/pages\/135\/revisions\/149"}],"up":[{"embeddable":true,"href":"https:\/\/biuro-profit.pl\/index.php?rest_route=\/wp\/v2\/pages\/36"}],"wp:attachment":[{"href":"https:\/\/biuro-profit.pl\/index.php?rest_route=%2Fwp%2Fv2%2Fmedia&parent=135"}],"curies":[{"name":"wp","href":"https:\/\/api.w.org\/{rel}","templated":true}]}}