{"id":67,"date":"2014-05-20T06:47:21","date_gmt":"2014-05-20T06:47:21","guid":{"rendered":"https:\/\/biuro-profit.pl\/?page_id=67"},"modified":"2025-01-23T20:11:06","modified_gmt":"2025-01-23T20:11:06","slug":"controlling","status":"publish","type":"page","link":"https:\/\/biuro-profit.pl\/?page_id=67","title":{"rendered":"Controlling"},"content":{"rendered":"<p>WSPIERAMY FIRMY W OSI\u0104GANIU SUKCES\u00d3W<\/p>\n<p>Praca to nasza pasja &#8211; posiadamy unikaln\u0105 wiedz\u0119 z zakresu: ekonomii, finans\u00f3w, prawa, zarz\u0105dzania i organizacji pracy oraz handlu, produkcji i logistyki. Dodatkowo wsp\u00f3\u0142pracujemy z <a href=\"https:\/\/etaxo.pl\">fachowcami<\/a> z zakresu informatyki oraz prawa gospodarczego i pracy.<\/p>\n<p>JAK TO ROBIMY?<\/p>\n<p>Podstaw\u0105 dla nas jest controlling oparty o :<\/p>\n<ul>\n<li>Poznanie specyfiki przedsi\u0119biorstwa<\/li>\n<li>Opracowanie modelu biznesowego i Strategicznej Karty Wynik\u00f3w<\/li>\n<li>Zaplanowanie bud\u017cetu i strategii dzia\u0142ania<\/li>\n<li>Przygotowanie raport\u00f3w i analiz<\/li>\n<li>Modyfikacj\u0119 systemu informatycznego \/ lub wdro\u017cenie nowego systemu informatycznego<\/li>\n<li>Przeszkolenie pracownik\u00f3w zakresie controllingu i korzystania z wdro\u017conych narz\u0119dzi, raport\u00f3w i analiz<\/li>\n<\/ul>\n<p>POMAGAMY W:<\/p>\n<ul>\n<li>Optymalizacji zatrudnienia.<\/li>\n<li>Opracowaniu system\u00f3w motywacyjnych dla pracownik\u00f3w.<\/li>\n<li>Restrukturyzacji i obni\u017caniu koszt\u00f3w sta\u0142ych<\/li>\n<li>Opracowywaniu i wdra\u017caniu w \u017cycie program\u00f3w naprawczych.<\/li>\n<li>Bud\u017cetowaniu opartym o strategiczn\u0105 kart\u0119 wynik\u00f3w.<\/li>\n<li>Tworzeniu analiz, kt\u00f3rych celem jest podniesienie produktywno\u015bci i rentowno\u015bci przedsi\u0119biorstwa.<\/li>\n<\/ul>\n<p>Zapewniamy wysok\u0105 jako\u015b\u0107 swoich us\u0142ug i satysfakcj\u0119 klienta!<\/p>\n","protected":false},"excerpt":{"rendered":"<p>WSPIERAMY FIRMY W OSI\u0104GANIU SUKCES\u00d3W Praca to nasza pasja &#8211; posiadamy unikaln\u0105 wiedz\u0119 z zakresu: ekonomii, finans\u00f3w, prawa, zarz\u0105dzania i organizacji pracy oraz handlu, produkcji i logistyki. Dodatkowo wsp\u00f3\u0142pracujemy z fachowcami z zakresu informatyki oraz prawa gospodarczego i pracy. JAK TO ROBIMY? Podstaw\u0105 dla nas jest controlling oparty o : Poznanie specyfiki przedsi\u0119biorstwa Opracowanie modelu [&hellip;]<\/p>\n","protected":false},"author":2,"featured_media":0,"parent":0,"menu_order":3,"comment_status":"closed","ping_status":"closed","template":"","meta":{"footnotes":""},"class_list":["post-67","page","type-page","status-publish","hentry"],"_links":{"self":[{"href":"https:\/\/biuro-profit.pl\/index.php?rest_route=\/wp\/v2\/pages\/67","targetHints":{"allow":["GET"]}}],"collection":[{"href":"https:\/\/biuro-profit.pl\/index.php?rest_route=\/wp\/v2\/pages"}],"about":[{"href":"https:\/\/biuro-profit.pl\/index.php?rest_route=\/wp\/v2\/types\/page"}],"author":[{"embeddable":true,"href":"https:\/\/biuro-profit.pl\/index.php?rest_route=\/wp\/v2\/users\/2"}],"replies":[{"embeddable":true,"href":"https:\/\/biuro-profit.pl\/index.php?rest_route=%2Fwp%2Fv2%2Fcomments&post=67"}],"version-history":[{"count":8,"href":"https:\/\/biuro-profit.pl\/index.php?rest_route=\/wp\/v2\/pages\/67\/revisions"}],"predecessor-version":[{"id":365,"href":"https:\/\/biuro-profit.pl\/index.php?rest_route=\/wp\/v2\/pages\/67\/revisions\/365"}],"wp:attachment":[{"href":"https:\/\/biuro-profit.pl\/index.php?rest_route=%2Fwp%2Fv2%2Fmedia&parent=67"}],"curies":[{"name":"wp","href":"https:\/\/api.w.org\/{rel}","templated":true}]}}